 hundreds digit of 17830?
8
What is the units digit of 1277?
7
What is the tens digit of 85?
8
What is the thousands digit of 1390?
1
What is the hundreds digit of 427?
4
What is the tens digit of 17194?
9
What is the tens digit of 77080?
8
What is the thousands digit of 86173?
6
What is the hundreds digit of 987?
9
What is the hundreds digit of 2031?
0
What is the hundreds digit of 296?
2
What is the thousands digit of 34467?
4
What is the units digit of 1873?
3
What is the tens digit of 5090?
9
What is the hundreds digit of 448?
4
What is the units digit of 117?
7
What is the tens digit of 64589?
8
What is the thousands digit of 41633?
1
What is the tens digit of 22140?
4
What is the units digit of 4196?
6
What is the hundreds digit of 302?
3
What is the tens digit of 48600?
0
What is the hundreds digit of 17307?
3
What is the units digit of 1096?
6
What is the hundreds digit of 29469?
4
What is the hundreds digit of 301?
3
What is the thousands digit of 2457?
2
What is the units digit of 965?
5
What is the ten thousands digit of 14318?
1
What is the units digit of 1660?
0
What is the hundred thousands digit of 154276?
1
What is the units digit of 201?
1
What is the hundreds digit of 16589?
5
What is the tens digit of 13813?
1
What is the units digit of 2114?
4
What is the units digit of 3421?
1
What is the hundreds digit of 988?
9
What is the units digit of 3227?
7
What is the units digit of 24486?
6
What is the thousands digit of 19510?
9
What is the hundreds digit of 69010?
0
What is the ten thousands digit of 20504?
2
What is the units digit of 2640?
0
What is the hundreds digit of 86714?
7
What is the tens digit of 4612?
1
What is the ten thousands digit of 96270?
9
What is the hundreds digit of 1839?
8
What is the hundreds digit of 23827?
8
What is the ten thousands digit of 22898?
2
What is the thousands digit of 7127?
7
What is the thousands digit of 17700?
7
What is the ten thousands digit of 94796?
9
What is the hundreds digit of 14687?
6
What is the tens digit of 61918?
1
What is the ten thousands digit of 111032?
1
What is the hundreds digit of 2625?
6
What is the units digit of 29896?
6
What is the units digit of 439?
9
What is the hundreds digit of 1216?
2
What is the ten thousands digit of 127217?
2
What is the units digit of 23521?
1
What is the hundreds digit of 807?
8
What is the hundreds digit of 1987?
9
What is the thousands digit of 15559?
5
What is the thousands digit of 14710?
4
What is the units digit of 968?
8
What is the thousands digit of 18944?
8
What is the units digit of 10452?
2
What is the hundreds digit of 119073?
0
What is the tens digit of 24138?
3
What is the thousands digit of 1329?
1
What is the hundreds digit of 230?
2
What is the thousands digit of 37810?
7
What is the ten thousands digit of 199155?
9
What is the thousands digit of 3454?
3
What is the thousands digit of 1001?
1
What is the hundreds digit of 1740?
7
What is the tens digit of 7190?
9
What is the units digit of 34051?
1
What is the tens digit of 21065?
6
What is the tens digit of 1556?
5
What is the hundreds digit of 139890?
8
What is the tens digit of 787?
8
What is the units digit of 908?
8
What is the thousands digit of 2397?
2
What is the thousands digit of 7740?
7
What is the tens digit of 25877?
7
What is the tens digit of 12827?
2
What is the units digit of 1272?
2
What is the thousands digit of 1633?
1
What is the tens digit of 1698?
9
What is the tens digit of 15804?
0
What is the tens digit of 129807?
0
What is the ten thousands digit of 159977?
5
What is the thousands digit of 1003?
1
What is the tens digit of 2619?
1
What is the units digit of 312?
2
What is the thousands digit of 1241?
1
What is the units digit of 33984?
4
What is the tens digit of 2714?
1
What is the units digit of 220?
0
What is the units digit of 1608?
8
What is the thousands digit of 21089?
1
What is the hundreds digit of 3309?
3
What is the units digit of 68?
8
What is the thousands digit of 11095?
1
What is the tens digit of 310?
1
What is the ten thousands digit of 13092?
1
What is the hundreds digit of 1847?
8
What is the tens digit of 390?
9
What is the units digit of 874?
4
What is the tens digit of 836?
3
What is the tens digit of 762?
6
What is the ten thousands digit of 30216?
3
What is the hundreds digit of 46009?
0
What is the hundreds digit of 9670?
6
What is the units digit of 124170?
0
What is the hundreds digit of 6650?
6
What is the units digit of 9824?
4
What is the hundreds digit of 9302?
3
What is the hundreds digit of 3336?
3
What is the thousands digit of 5007?
5
What is the units digit of 364?
4
What is the hundreds digit of 997?
9
What is the units digit of 685?
5
What is the hundreds digit of 3308?
3
What is the tens digit of 2320?
2
What is the thousands digit of 2021?
2
What is the thousands digit of 5324?
5
What is the ten thousands digit of 18167?
1
What is the hundreds digit of 858?
8
What is the thousands digit of 1780?
1
What is the ten thousands digit of 10403?
1
What is the hundreds digit of 7963?
9
What is the hundreds digit of 11334?
3
What is the thousands digit of 1390?
1
What is the ten thousands digit of 11146?
1
What is the thousands digit of 59437?
9
What is the units digit of 61727?
7
What is the tens digit of 6541?
4
What is the hundreds digit of 17894?
8
What is the ten thousands digit of 50945?
5
What is the tens digit of 1838?
3
What is the units digit of 15650?
0
What is the tens digit of 12185?
8
What is the ten thousands digit of 42155?
4
What is the tens digit of 1417?
1
What is the ten thousands digit of 20107?
2
What is the tens digit of 2639?
3
What is the hundreds digit of 826?
8
What is the hundreds digit of 37032?
0
What is the thousands digit of 5449?
5
What is the hundreds digit of 1081?
0
What is the hundreds digit of 1318?
3
What is the hundred thousands digit of 127960?
1
What is the tens digit of 19254?
5
What is the hundreds digit of 134?
1
What is the units digit of 76646?
6
What is the hundreds digit of 7512?
5
What is the tens digit of 12788?
8
What is the ten thousands digit of 67183?
6
What is the tens digit of 613?
1
What is the ten thousands digit of 22620?
2
What is the thousands digit of 165075?
5
What is the ten thousands digit of 130127?
3
What is the tens digit of 11581?
8
What is the tens digit of 17973?
7
What is the hundreds digit of 1534?
5
What is the ten thousands digit of 32378?
3
What is the ten thousands digit of 12266?
1
What is the hundreds digit of 1070?
0
What is the units digit of 3448?
8
What is the tens digit of 1325?
2
What is the tens digit of 70849?
4
What is the units digit of 3325?
5
What is the hundreds digit of 6210?
2
What is the ten thousands digit of 30195?
3
What is the tens digit of 33038?
3
What is the hundreds digit of 14649?
6
What is the thousands digit of 9596?
9
What is the tens digit of 9440?
4
What is the tens digit of 3477?
7
What is the units digit of 26454?
4
What is the units digit of 765?
5
What is the hundreds digit of 7007?
0
What is the hundreds digit of 2011?
0
What is the thousands digit of 4459?
4
What is the ten thousands digit of 92234?
9
What is the tens digit of 940?
4
What is the thousands digit of 1918?
1
What is the tens digit of 24978?
7
What is the hundreds digit of 4654?
6
What is the ten thousands digit of 117216?
1
What is the tens digit of 15969?
6
What is the units digit of 6435?
5
What is the units digit of 132?
2
What is the tens digit of 779?
7
What is the units digit of 13237?
7
What is the thousands digit of 15562?
5
What is the hundreds digit of 77929?
9
What is the hundreds digit of 49428?
4
What is the thousands digit of 12021?
2
What is the hundreds digit of 56312?
3
What is the hundreds digit of 5465?
4
What is the units digit of 1547?
7
What is the units digit of 11747?
7
What is the units digit of 26426?
6
What is the thousands digit of 9267?
9
What is the tens digit of 6861?
6
What is the tens digit of 8007?
0
What is the units digit of 29461?
1
What is the thousands digit of 5027?
5
What is the hundreds digit of 10857?
8
What is the ten thousands digit of 15491?
1
What is the units digit of 39514?
4
What is the hundreds digit of 45630?
6
What is the tens digit of 792?
9
What is the hundreds digit of 138